39
Calculate the remainder when 528 is divided by 526.
2
What is the remainder when 321981 is divided by 644?
625
What is the remainder when 32615 is divided by 72?
71
What is the remainder when 61349 is divided by 2800?
2549
Calculate the remainder when 417279 is divided by 37.
30
What is the remainder when 786 is divided by 161?
142
What is the remainder when 9234 is divided by 9225?
9
What is the remainder when 115601 is divided by 221?
18
Calculate the remainder when 6859 is divided by 1142.
7
What is the remainder when 6462 is divided by 961?
696
Calculate the remainder when 21518 is divided by 615.
608
What is the remainder when 98041 is divided by 49001?
39
What is the remainder when 3199 is divided by 798?
7
Calculate the remainder when 3159645 is divided by 1863.
1860
Calculate the remainder when 17315 is divided by 205.
95
Calculate the remainder when 4062 is divided by 107.
103
What is the remainder when 173127 is divided by 17312?
7
What is the remainder when 9533 is divided by 9488?
45
Calculate the remainder when 540956 is divided by 14.
10
What is the remainder when 15322 is divided by 3824?
26
What is the remainder when 453 is divided by 304?
149
What is the remainder when 9339 is divided by 9293?
46
What is the remainder when 40468 is divided by 9?
4
What is the remainder when 286465 is divided by 364?
361
What is the remainder when 59348 is divided by 468?
380
Calculate the remainder when 5517 is divided by 10.
7
Calculate the remainder when 34039 is divided by 81.
19
What is the remainder when 59556 is divided by 9?
3
What is the remainder when 16423933 is divided by 2752?
2749
What is the remainder when 6636 is divided by 579?
267
Calculate the remainder when 26626 is divided by 26607.
19
What is the remainder when 11169 is divided by 254?
247
What is the remainder when 5169 is divided by 129?
9
What is the remainder when 13995 is divided by 495?
135
Calculate the remainder when 71648 is divided by 25.
23
What is the remainder when 560379 is divided by 47?
45
Calculate the remainder when 349 is divided by 21.
13
What is the remainder when 4993 is divided by 41?
32
What is the remainder when 10549 is divided by 3447?
208
Calculate the remainder when 6038 is divided by 1481.
114
Calculate the remainder when 1744 is divided by 1712.
32
Calculate the remainder when 3670 is divided by 27.
25
What is the remainder when 9022 is divided by 4495?
32
What is the remainder when 18399 is divided by 258?
81
What is the remainder when 342338 is divided by 48?
2
What is the remainder when 46781 is divided by 180?
161
What is the remainder when 472826 is divided by 47281?
16
Calculate the remainder when 14268 is divided by 11690.
2578
What is the remainder when 3878 is divided by 728?
238
What is the remainder when 247579 is divided by 9?
7
Calculate the remainder when 2483 is divided by 357.
341
Calculate the remainder when 521575 is divided by 521568.
7
What is the remainder when 59608 is divided by 10?
8
Calculate the remainder when 141037 is divided by 70498.
41
What is the remainder when 1392521 is divided by 58?
57
What is the remainder when 7034 is divided by 1312?
474
Calculate the remainder when 19818 is divided by 3955.
43
Calculate the remainder when 7790 is divided by 139.
6
Calculate the remainder when 7627 is divided by 1268.
19
Calculate the remainder when 7152 is divided by 299.
275
Calculate the remainder when 48303 is divided by 119.
108
What is the remainder when 182974 is divided by 13?
12
What is the remainder when 2821 is divided by 2021?
800
What is the remainder when 24404 is divided by 282?
152
Calculate the remainder when 3205 is divided by 3194.
11
Calculate the remainder when 280036 is divided by 97.
94
What is the remainder when 30062 is divided by 33?
32
Calculate the remainder when 27415 is divided by 117.
37
Calculate the remainder when 30243 is divided by 115.
113
What is the remainder when 986 is divided by 60?
26
What is the remainder when 56251 is divided by 171?
163
What is the remainder when 130781 is divided by 756?
749
Calculate the remainder when 370268 is divided by 399.
395
What is the remainder when 31274 is divided by 63?
26
What is the remainder when 1828717 is divided by 25?
17
Calculate the remainder when 32507 is divided by 85.
37
What is the remainder when 83403 is divided by 44?
23
Calculate the remainder when 29696 is divided by 84.
44
Calculate the remainder when 7706 is divided by 234.
218
Calculate the remainder when 114239 is divided by 68.
67
What is the remainder when 8063 is divided by 735?
713
Calculate the remainder when 49535 is divided by 8250.
35
What is the remainder when 431 is divided by 84?
11
Calculate the remainder when 15960 is divided by 5317.
9
What is the remainder when 10053 is divided by 10049?
4
Calculate the remainder when 9083 is divided by 364.
347
What is the remainder when 87134 is divided by 14?
12
What is the remainder when 1763 is divided by 368?
291
Calculate the remainder when 890 is divided by 147.
8
What is the remainder when 11804 is divided by 562?
2
What is the remainder when 1845 is divided by 114?
21
Calculate the remainder when 18394 is divided by 1578.
1036
What is the remainder when 18528 is divided by 34?
32
What is the remainder when 12320 is divided by 1119?
11
What is the remainder when 91882 is divided by 8?
2
Calculate the remainder when 6709 is divided by 58.
39
Calculate the remainder when 479521 is divided by 270.
1
Calculate the remainder when 1896 is divided by 630.
6
What is the remainder when 420935 is divided by 107?
104
What is the remainder when 3164 is divided by 1379?
406
What is the remainder when 21532 is divided by 10602?
328
What is the remainder when 885 is divided by 295?
0
What is the remainder when 32311 is divided by 12?
7
What is the remainder when 54988 is divided by 195?
193
Calculate the remainder when 11735 is divided by 84.
59
Calculate the remainder when 4273 is divided by 532.
17
Calculate the remainder when 2584 is divided by 13.
10
What is the remainder when 86770 is divided by 28906?
52
What is the remainder when 81844 is divided by 52?
48
What is the remainder when 724656 is divided by 25880?
16
Calculate the remainder when 14561 is divided by 3635.
21
Calculate the remainder when 247633 is divided by 591.
4
Calculate the remainder when 1207 is divided by 325.
232
What is the remainder when 231131 is divided by 17?
16
Calculate the remainder when 3564 is divided by 155.
154
What is the remainder when 83150 is divided by 1320?
1310
Calculate the remainder when 5935 is divided by 231.
160
What is the remainder when 269364 is divided by 11223?
12
Calculate the remainder when 1214 is divided by 380.
74
What is the remainder when 62877 is divided by 62828?
49
What is the remainder when 2788 is divided by 242?
126
Calculate the remainder when 14014 is divided by 42.
28
Calculate the remainder when 2329 is divided by 569.
53
Calculate the remainder when 4312 is divided by 479.
1
Calculate the remainder when 64504 is divided by 96.
88
What is the remainder when 2072 is divided by 306?
236
Calculate the remainder when 12537 is divided by 113.
107
Calculate the remainder when 5449 is divided by 190.
129
Calculate the remainder when 2342 is divided by 461.
37
What is the remainder when 147911 is divided by 2311?
7
Calculate the remainder when 11252 is divided by 1226.
218
Calculate the remainder when 346 is divided by 17.
6
What is the remainder when 44264 is divided by 24?
8
What is the remainder when 3403 is divided by 773?
311
Calculate the remainder when 2083 is divided by 848.
387
What is the remainder when 9629 is divided by 230?
199
Calculate the remainder when 12682 is divided by 86.
40
What is the remainder when 18483 is divided by 2945?
813
What is the remainder when 2959657 is divided by 13?
12
Calculate the remainder when 103943 is divided by 103940.
3
Calculate the remainder when 3317 is divided by 305.
267
What is the remainder when 13619 is divided by 681?
680
What is the remainder when 208 is divided by 141?
67
What is the remainder when 9570 is divided by 61?
54
What is the remainder when 5500 is divided by 306?
298
Calculate the remainder when 6712 is divided by 765.
592
What is the remainder w